+ 4*f**2 - 12*f - 2. Let q be u(4). Calculate the highest common factor of n and q.
78
Suppose 6*u - 9*u - 237 = 0. Let t = u - -49. Let m be (-145)/(-6) + 5/t. What is the greatest common divisor of 6 and m?
6
Let z be (19/(-28) - (-4)/(-7))/(2/(-96)). What is the greatest common divisor of z and 1155?
15
Suppose 0 = 367*f - 175 - 104 - 88. Calculate the highest common divisor of 1951 and f.
1
Suppose 34308*x - 34291*x - 12172 = 0. Calculate the highest common divisor of 537 and x.
179
Suppose 0 = u - 4*k + 5*k - 1600, -4*k - 9590 = -6*u. What is the highest common divisor of u and 1107?
123
Suppose 5*t + 373 = 3*s + 125, 5*s = 5*t + 440. What is the greatest common factor of s and 39264?
96
Let o = 83 - 74. Suppose -4*w - 4*q = -64, -w + 7 + o = -2*q. What is the highest common divisor of 464 and w?
16
Let b = 11940 + -11152. What is the greatest common divisor of b and 16?
4
Let f be (19 + -4)*(-9)/(-27). Suppose -5 - 5 = -2*l. Suppose g = -f*n + 175, -195 = -l*n + 5*g - 2*g. What is the greatest common factor of n and 9?
9
Let i(w) = w**3 + w**2 - 9*w + 2. Let x be i(-4). Let r = x - -205. Calculate the highest common factor of r and 15.
15
Let b = 10 + -13. Let h be b - ((-2540)/52 - 2/13). Let y be ((-1)/3)/(14/(-966)). Calculate the highest common factor of h and y.
23
Suppose 4*r + 4 = 0, 2*b - 8*r = -9*r + 123. Suppose 2*l = 2*z - 116, -2*z + 3*z - b = -3*l. What is the highest common divisor of z and 59?
59
Suppose -s - 5*f = -23, -6*s + 4*s - 4*f + 22 = 0. Suppose 2*d - s*q = -d + 654, 0 = 5*q + 10. What is the greatest common divisor of 54 and d?
54
Let h = 201 - 124. Let m = 153 - h. Let i = 220 - m. Calculate the greatest common factor of i and 18.
18
Suppose -m + 35 = 4*z - 3*z, -z = -4*m - 40. Suppose 28*g - 356 = z. Let o = 40 - 26. What is the greatest common divisor of o and g?
14
Let x = 131 + -129. Let l(f) = 3*f**2 + 6*f - 4. Let c be l(x). Calculate the highest common divisor of c and 5.
5
Let r be (-7)/21*-2 + (-1180)/(-30). What is the highest common factor of r and 1180?
20
Let b(m) = 34*m + 13. Let q be b(-2). Let y = -52 - q. Suppose 50 = 3*p - x, x - y = -2*x. What is the highest common divisor of p and 153?
17
Let g = -80 - -80. Suppose -2*q + 0 = 4*x - 6, g = 3*q + 4*x - 5. Let w be (-39)/q*28/42. What is the greatest common factor of w and 65?
13
Let j be (1038/(-12) - -2)*((-12)/(-4) + -5). What is the highest common divisor of 52 and j?
13
Let m(g) = -g - 6. Let w be m(-5). Let c(n) = -578*n + 5. Let j be c(w). What is the greatest common divisor of j and 53?
53
Let a(v) = -5*v - 3. Let k be a(-1). Suppose -l + 5*j = -130, j - 728 = -3*l - k*l. Calculate the greatest common factor of 5 and l.
5
Let h = 253 - 243. Suppose -3*f - 3*j = -2*j - 2, f - 10 = 2*j. Calculate the greatest common divisor of h and f.
2
Suppose 25*x = -x + 390. Suppose x*t - 1530 = -375. What is the highest common factor of t and 63?
7
Let q be (5/1)/((-13 + 12)*-1). Let j be (-2)/(-5) - 528/20. Let v = 41 + j. What is the highest common factor of q and v?
5
Suppose -14*c - 59403 + 86059 = 0. Calculate the highest common factor of 14 and c.
14
Let i = -421 - -426. Suppose -i*y - b + 76 = 0, -4*b - 59 = -3*y - 18. What is the greatest common factor of 705 and y?
15
Let w be 9/(18/4) - 70. Let f = 90 + w. Let t be -3*1 + -9 + f. Calculate the greatest common divisor of t and 10.
10
Let j be 81/(-405)*(-1*25 - 0). Let x be 3 - (-3 - -4 - -14). Let p be (2 - x/(-8))*4. What is the greatest common factor of j and p?
1
Suppose 0 = -3*z + 2*q + 39, -25 = -4*z + 3*q + 26. Let u be (-4)/((-4)/(-3)) - -7. Suppose 0 = -g - u*g + 125. What is the greatest common divisor of z and g?
5
Suppose -38 = -2*z - 2*t, -t - 4 + 2 = 0. Calculate the greatest common factor of 219 and z.
3
Let i(k) be the first derivative of k**4/4 + 7*k**3 + 10*k**2 + 36*k - 57. Let j be i(-20). Calculate the greatest common divisor of 24 and j.
12
Let x = -3408 + 3558. Calculate the greatest common factor of x and 78.
6
Let g(j) = -j**3 + 6*j**2 + 7*j - 58. Let d be g(5). Suppose -d*q + 1101 = 4*h - 187, 0 = -4*q. What is the greatest common divisor of h and 46?
46
Let d = -270 + 104. Let h = -156 - d. What is the highest common factor of 35 and h?
5
Let n = 909 - 1489. Let d = n - -591. Calculate the highest common factor of 286 and d.
11
Let q be -5 + (6/(-9) - 78/(-9)). Suppose 0 = 3*a + q*n - 999, -4*a + 1348 = -10*n + 6*n. Calculate the greatest common factor of a and 5.
5
Let c = 166 - -166. Let t = c + -323. Calculate the highest common divisor of t and 477.
9
Let w be 6*3/9 + 32 - -2. Suppose 2*l = -c + 465, -c = l - 66 - 165. Calculate the highest common divisor of w and l.
18
Suppose 16*d - 47682 = -642. What is the greatest common factor of d and 120?
60
Suppose -67 = -3*t + 143. Suppose 551 - 5 = 39*i. What is the greatest common factor of i and t?
14
Let n(h) = -2*h**3 - 142*h**2 + 138*h + 278. Let a be n(-72). Calculate the highest common factor of a and 2414.
142
Suppose 3*x + 4*w + 4 = -0, 5*x + w + 1 = 0. Suppose -33*z + 785 + 1723 = x. Calculate the highest common factor of 4 and z.
4
Let s(x) = x + 24. Let d be s(-27). Let b be d/((-36)/16)*78/4. Calculate the highest common factor of b and 208.
26
Suppose 6*r - 22 - 68 = 0. Suppose -74*s + 76*s - 66 = 0. What is the greatest common factor of r and s?
3
Let v(j) = -j**2 - 4*j + 5. Let t be v(-5). Suppose 5*z + z - 54 = t. Let w be (-119)/(-21) + 3/z. Calculate the highest common divisor of w and 6.
6
Let u(z) = 7*z - 50. Let p be 13 - (-2 - (-21)/3). Let y be u(p). Suppose -y*k + 1 + 5 = 0. What is the greatest common factor of k and 1?
1
Let d = 1052 + 685. Calculate the highest common divisor of d and 193.
193
Suppose 12*h - 3431 = 3577. Calculate the highest common divisor of h and 8.
8
Let b = 132 - 27. Let s be (-42)/(-9) + (-1)/(-3). Suppose 2*u - 5*r = -10*r + 104, 4*u - 148 = s*r. What is the greatest common divisor of u and b?
21
Let t be 30*(954/(-5565))/((-6)/56). Calculate the highest common divisor of 972 and t.
12
Let k(l) = -3*l**2 + 31*l + 58. Let n be k(11). Calculate the greatest common divisor of 348 and n.
12
Suppose -10*g + 5450 = -2000. Let a = 30 + g. Suppose 115 = -4*x + a. Calculate the greatest common divisor of 15 and x.
15
Let k be (-332)/6 - (-15)/45. Let j = 61 + k. Suppose -105 = -j*w - w. Calculate the greatest common divisor of w and 120.
15
Let n(y) = 2*y**3 - 6*y**2 + 3*y - 5. Let f be n(4). Let b = 5298 + -5181. What is the highest common divisor of b and f?
39
Let y = -88 + 79. Let v be -51*-3*(-4)/y. Calculate the highest common divisor of 340 and v.
68
Let f(r) = -r**3 + 3*r**2 - 2*r + 10. Let a be f(3). Suppose a*o - o = -o. Suppose -3*w + 137 + 391 = o. What is the greatest common divisor of w and 11?
11
Suppose 0 = 6*a - 22 - 14. Let v be ((-24)/(-10))/(2*a/40). Let y(n) = 7*n - 36. Let p be y(v). Calculate the highest common divisor of 30 and p.
10
Let b be (16 + 252/(-16))/((-1)/(-20)). Calculate the greatest common divisor of b and 40.
5
Let m(w) = 15*w**2 + 103*w - 10. Let r be m(-7). Suppose 2*c - 4*s - 49 - 15 = 0, 142 = r*c - s. Calculate the greatest common divisor of 18 and c.
18
Suppose -3*u = -z + 617, -5*z = 5*u - 1140 - 1845. What is the highest common factor of z and 344?
86
Suppose 0 = -3*w + 4*d + 3713, 2*d - 3510 = 2*w - 5984. Calculate the highest common factor of 38 and w.
19
Let t(v) = -2*v**3 - 8*v**2 + 29*v + 113. Let w be t(-7). What is the highest common factor of 2754 and w?
102
Let j(s) = s**2 - 42*s + 376. Let b be j(12). What is the greatest common factor of b and 40?
8
Suppose 5161*h = 5160*h + 24. What is the greatest common factor of 93 and h?
3
Let s = -122 + 73. Let a = -32 - s. Let p(b) = 16*b + 7. Let o be p(7). What is the greatest common divisor of a and o?
17
Suppose 10*h - 23 = 9*h - 5*t, 4*t - 10 = 2*h. Suppose -2*y = i - 46, 3*y - h*i - 35 - 34 = 0. What is the greatest common factor of 299 and y?
23
Let s be (12/54)/((-17)/(-3366)). Calculate the highest common factor of 1595 and s.
11
Let j = -2 - 3. Let a be (-398 - -3)/j*(2 + -1). Suppose 5*h - 209 = -a. Calculate the greatest common divisor of h and 52.
26
Let m(f) = -7*f**3 - 2*f + 15. Let g = 127 + -130. Let p be m(g). Let i(d) = -6*d + 3. Let a be i(-3). Calculate 